*n + 1. Let d be v(-10). Suppose p - 707 = 2*y, 705 = 12*p - d*p - y. Is p a composite number?
True
Suppose 2*p = k - p, -k - 3*p = -12. Suppose 0 = k*s + 16*s - 19646. Is s prime?
False
Let x(a) = 323*a - 59. Let z be x(7). Let w = z - -1639. Is w composite?
True
Let y be 312/18*(-42)/(-4). Let k = y - -2721. Is k a composite number?
False
Suppose 69*s - 70*s = -6869. Let x = s + -3960. Is x a prime number?
True
Let r = -533 - -527. Is (-13610)/(-9 + 1 - r) composite?
True
Let p(l) = -6*l + 41. Suppose -247 = 9*g + 4*g. Is p(g) a composite number?
True
Let r(l) = -l**3 - 30*l**2 - 56*l + 11. Let t be r(-28). Let k(z) = z**3 - 9*z**2 - 6*z - 35. Is k(t) composite?
True
Suppose 2*b + 8 = 0, -3*g + 653 + 522 = -2*b. Suppose 0 = -22*d - 239 + 480 - 241. Suppose -q = -c - d*q + 414, -c - 4*q = -g. Is c a composite number?
False
Let c(j) = 49*j**3 - 11*j**2 + 14*j + 21. Is c(8) a prime number?
True
Is (-1)/(-3) - 134895*(-22)/99 prime?
False
Suppose 4583*n + 87133753 = 4716*n. Is n prime?
False
Let s be (15 + -14)/(76/(-25) + 3). Let g(z) = -10*z + 123. Is g(s) a composite number?
False
Let x(v) = 2291*v - 478. Is x(5) prime?
False
Let q be 0 + (-2*(-21)/(-6) - 3). Let i be 2846*((-9)/q - 14/35). Let u = i - 716. Is u prime?
False
Let q = -4092 + 12094. Let b(v) = 54*v**2 + 15*v - 3. Let a be b(10). Let z = q - a. Is z a composite number?
True
Suppose -2*m - d + 1 + 3 = 0, 2 = m + 3*d. Suppose 3*q - 1788 = -q + m*c, -c = -5*q + 2235. Is q a composite number?
True
Let c = -54 - -3. Let b = c - -52. Is (4/1 - b)/(2/46) composite?
True
Suppose 0*n = 2*n - 2*a - 600, -n = 5*a - 294. Is (-4)/46 + 545103/n a prime number?
True
Let q(g) = -47*g - 69*g + 45*g - 81*g + 9. Is q(-25) composite?
True
Suppose 2*y + 115205 = 3*q, -8*q - 76804 = -10*q + 2*y. Is q composite?
True
Let k be (-469)/28 + (-2)/8. Suppose 3*s = 5*t - 27, -5*s + 0*t = 2*t + 14. Is (-574)/s - k/(-34) a prime number?
False
Suppose 4 = 7*u - 38. Let j(y) = 64*y**3 + 12*y**2 - 15*y + 1. Is j(u) a composite number?
True
Is 5 - ((-8068895)/45 + -3 + (-8)/36) composite?
False
Let p = -109 - -19. Is (-48742)/(-10) - (-18)/p a composite number?
True
Let f(b) be the third derivative of -79*b**7/5040 + b**6/144 - 7*b**5/60 - 9*b**2. Let x(i) be the third derivative of f(i). Is x(-2) prime?
True
Suppose -2*k + 7258 = -4*g, 3*k + 844*g = 847*g + 10902. Is k a prime number?
False
Suppose 89*s = -2903547 + 33401266. Is s a prime number?
False
Suppose 106054 = 4*l + 2*i, -2*i - 26511 = -3*l + 2*l. Is l a composite number?
False
Let v = 8320 + -3613. Let x(h) = -41*h**2 + 7. Let g be x(-7). Let t = v + g. Is t a prime number?
False
Suppose 4*k = 5*x + 15828 + 59899, 2*k - 37832 = -2*x. Is k a prime number?
False
Suppose -3*y + 209 = z, y + 7*z - 65 = 2*z. Let r = -73 + y. Let p(x) = 15*x**2 + 4*x + 8. Is p(r) a prime number?
True
Let f(q) = 5226*q + 279. Let v be f(9). Let k = -32194 + v. Is k prime?
False
Suppose 3639*g = 3626*g + 1075087. Is g a prime number?
True
Suppose -34*z = 88515 - 20277. Let w = z + 3062. Is w a prime number?
False
Suppose 105*c = 210*c - 45269805. Is c prime?
True
Suppose -3*v = -9, r + 5*v = 5*r + 51. Suppose 2*o + 1614311 = 3*f, -23*f = -27*f - 3*o + 2152375. Is f/171 - 2/r a composite number?
True
Suppose -9*h = -2*h - 28. Suppose h*k = 3093 - 13081. Let s = k + 3660. Is s prime?
True
Suppose 0 = -17*z + 54*z - 74. Suppose -4*a + 16 = -0, -4*m - z*a + 20764 = 0. Is m a prime number?
True
Let i(k) = 1 + 2 + 4*k**2 + 184*k + 0 - 187*k - 8*k**3. Let u be -3 - 3 - (-2 - -2). Is i(u) composite?
True
Let y(i) = -8*i**2 - 1 + 17*i - 34*i**3 - 1 + 7 + 0*i**2. Let x be y(-8). Is 3/(-33)*-2 + x/55 a prime number?
False
Let d = 230 - 226. Suppose 4*q - 2*w - 2*w = 28636, d*w = 0. Is q prime?
True
Suppose -161*g - 658582 = -207*g. Is g composite?
True
Suppose 3*q = -t + 149477, -q = -3*t - 43793 - 6036. Suppose -j + 9961 = f + 3*j, 5*f - j = q. Is f a prime number?
False
Let g = -79409 + 126028. Is g a prime number?
True
Let s be (-75)/(-2)*6/9. Suppose 20 - s = -y. Suppose 0 = -8*g + y*g + 4*h + 535, 882 = 5*g + 3*h. Is g composite?
True
Suppose 0 = -14*l - 2*l + 357296. Is l prime?
False
Let d = -52 - -46. Let l(r) = -5*r**3 + 7*r**2 + 6*r + 10. Let q be l(d). Suppose s - q = 583. Is s a composite number?
False
Suppose -47*w - 2*x - 190284 = -51*w, -4*x - 142723 = -3*w. Is w prime?
True
Suppose -8*b = -2*b - 24. Let q(p) = -b*p - p + p - 4*p + 12*p**2 - 7. Is q(-6) prime?
False
Let s(j) = -j**2 - 9. Let q be s(0). Let h(n) be the third derivative of -n**6/120 - n**5/15 + n**4/2 - 2*n**3/3 - 2*n**2 + 53. Is h(q) prime?
True
Suppose -156*q = -168*q + 70608. Suppose 4*i - q = -2*f, 0 = 2*i - 2*f - 867 - 2075. Is i a composite number?
False
Suppose 20*b - 558505 = 3*b + 630798. Is b composite?
False
Let y(n) = -n**2 + 21*n + 90879. Is y(0) prime?
False
Let j(f) = 5*f**3 - 16*f**2 - 91*f + 21. Let x(s) = 4*s**3 - 17*s**2 - 93*s + 20. Let q(z) = -5*j(z) + 6*x(z). Is q(-16) a composite number?
False
Let i(q) = 13*q**3 + q**2 - 6*q - 10. Let h be i(-3). Let g = h + 170. Let c = g + 573. Is c a composite number?
False
Let a(v) = -16458*v + 6. Let z be a(-1). Suppose 6424 = -5*s + z. Suppose 6*m - 14*m = -s. Is m a composite number?
False
Let q = 763 - 847. Let l(v) = -87*v - 5. Let h be l(4). Let n = q - h. Is n prime?
True
Let x = -33 - -33. Suppose -11*z + 10*z + 293 = x. Suppose 0 = -9*g + 10*g - z. Is g a prime number?
True
Suppose -16 = -4*f, 4*p - 1362*f + 1364*f = 694476. Is p a composite number?
False
Let o(p) = 263*p**2 + 128*p + 23. Is o(-7) a composite number?
True
Let n = -93719 + 161784. Is n a composite number?
True
Let a = -106 - -110. Suppose -4*x - a = 0, 0 = 2*f + 6*x - 9*x - 9405. Is f a composite number?
True
Let r(p) = -12*p**3 - 12*p**2 - 19*p - 127. Let t be r(-8). Suppose 5*n = -3*w + t, n + w - 349 = 730. Is n composite?
True
Let w(x) = 117*x**2 + 39*x + 311. Is w(-52) prime?
True
Suppose 21*d = 21*d - 18*d + 1997334. Is d a composite number?
True
Suppose 67*p = 159*p - 1153319 - 869853. Is p prime?
True
Suppose 0*j + 4*j + 272 = 3*n, -3*n = -2*j - 262. Let w be ((-43)/(-3))/(170/n - 2). Suppose d - 377 = w. Is d composite?
True
Suppose -4*m = -1729 - 2779. Let n = m + 5774. Suppose 0 = 5*k + 3*c - 11525, -3*k - 4*c + n = -5*c. Is k a prime number?
False
Suppose g - 10487 = 2*c, 137*c - 133*c + 20 = 0. Is g prime?
True
Let t = 25331 + -7062. Is t composite?
False
Suppose -3*i = -g - 55, -g - 67 = -0*g + i. Let z be 45040/g - 2/8. Let h = 1377 + z. Is h a composite number?
False
Suppose 7*b = 19*b + 96. Let p(k) = 9*k**2 - 2*k - 78. Is p(b) a composite number?
True
Let l(y) = -48947*y**3 + 17*y**2 - 47*y - 1. Let g(u) = 16316*u**3 - 6*u**2 + 15*u. Let m(f) = 7*g(f) + 2*l(f). Is m(1) a prime number?
True
Let p(i) = i + 10. Let y be p(-5). Suppose -2*s = 5*q - 1691, 820 = y*q - 4*s - 853. Is q a composite number?
False
Let b(q) = q**3 + 3*q**2 - 8*q + 9. Let h be b(-5). Let z be h/((-2)/2*-1)*-2. Suppose 0 = z*d + 4*u - 1562, -4*u = -4*d - 5*u + 3145. Is d a composite number?
False
Let v = -62 - -52. Let j(r) = r**3 + 11*r**2 + 9*r - 8. Let z be j(v). Is (z - (-965 + -2)) + 0 + -2 a prime number?
True
Let x(o) = -2*o**3 + 4*o**2 - o - 1. Let h(n) = -5*n**2 + 2*n + 3 - 3*n**2 + 4*n**3 + 0*n**2. Let p(i) = 2*h(i) + 5*x(i). Is p(-3) a composite number?
True
Suppose -5*i = y - 4, -3*y - 21 = i - 19. Is ((-2)/2)/i*-587 a prime number?
True
Suppose -10*n = -17*n + 7. Let w be ((-28)/12)/(n/(-39)) - 0. Suppose -w = -f - 6. Is f prime?
False
Suppose 2*d = -22*c + 29*c + 387225, c + 774541 = 4*d. Is d prime?
False
Suppose -45 = -2*i - 3*i - 4*m, -3*m + 30 = 3*i. Suppose 3*p - 2479 = -i*h + 3*h, 3*h + p = 3736. Is h a prime number?
False
Suppose 0*n - 5*j = -2*n + 4850, 3*n - 2*j - 7264 = 0. Suppose -c + 385 = -n. Suppose -f - 2*f + 1695 = 3*u, 5*u + c = 5*f. Is f prime?
True
Let a = 142944 - 100123. Is a prime?
True
Let p(c) = -12307*c - 8042. Is p(-7) composite?
True
Let q be (-8)/(-12) - (-38)/6. Let x(s) = 531*s + 346. Is x(q) composite?
True
Let n = -4025 + 6724. Suppose 33*i - n = 32*i. Is i a prime number?
True
Suppose 3*j + o = 20, -4*j + 0*j = -o - 15. Suppose y = -j*w - 26, -y + 4*w + 21 = -2*y. Is (y/2)/((-2)/212) a composite number?
False
Let g(q) = q**3 + q**2 - q